{"id":1080,"date":"2025-09-09T16:19:29","date_gmt":"2025-09-09T19:19:29","guid":{"rendered":"https:\/\/ifdccatriel-rng.infd.edu.ar\/sitio\/?page_id=1080"},"modified":"2025-11-12T20:24:31","modified_gmt":"2025-11-12T23:24:31","slug":"quienes-somos-2","status":"publish","type":"page","link":"https:\/\/ifdccatriel-rng.infd.edu.ar\/sitio\/quienes-somos-2\/","title":{"rendered":"La formaci\u00f3n docente en Catriel: intermitencias y persistencias."},"content":{"rendered":"\n<p><\/p>\n\n\n\n<p>El Instituto de Formaci\u00f3n Docente Continua Catriel, es una instituci\u00f3n joven que este a\u00f1o cumple sus primeros diez a\u00f1os de existencia.&nbsp; Pero no es la primera instituci\u00f3n formadora de nuestra ciudad, hubo dos experiencias anteriores que revelan tanto la discontinuidad de las instituciones formadoras en Catriel, as\u00ed como la fuerza de lo que resiste&nbsp; los contextos m\u00e1s adversos para resurgir y poder dar respuestas as\u00ed a las necesidades y&nbsp; demandas de la comunidad educativa de Catriel.<\/p>\n\n\n\n<p>El primero fue el Instituto Superior de Formaci\u00f3n y Perfeccionamiento&nbsp; Docente que comenz\u00f3 a funcionar en 1989, en el marco de la Ley Provincial N\u00b0 2288 del a\u00f1o anterior. Esta ley&nbsp; implic\u00f3 un potente marco legal para el funcionamiento de los institutos, estableciendo una s\u00f3lida&nbsp; y democr\u00e1tica estructura institucional, de esta manera su \u00f3rgano de gobierno&nbsp; era el Consejo Directivo,&nbsp; conformado y elegido por docentes, egresados\/as y estudiantes a trav\u00e9s de elecciones directas. En relaci\u00f3n a la organizaci\u00f3n acad\u00e9mica establec\u00eda una estructura curricular constituida por \u00e1reas a partir de contenidos afines, as\u00ed como la creaci\u00f3n de dos&nbsp; Departamentos que coordinaban las tareas de Investigaci\u00f3n y Capacitaci\u00f3n.&nbsp;&nbsp; De este modo, Catriel comenzaba a integrar el sistema formador de R\u00edo Negro, lo que implic\u00f3 un significativo aporte al desarrollo educativo de nuestra localidad. Su cierre progresivo a partir de 1995 implic\u00f3 un duro golpe a dicho proceso virtuoso.&nbsp;&nbsp;&nbsp;&nbsp; Lamentablemente no resisti\u00f3 los ajustes del neoliberalismo de la d\u00e9cada de los \u00b490 y su cierre definitivo en 1998 signific\u00f3 un grave retroceso&nbsp; en el entramado educativo de la localidad, no solo se perd\u00eda la posibilidad de estudiar el Profesorado de Educaci\u00f3n Primaria en Catriel, sino que tambi\u00e9n se cortaba un proceso de formaci\u00f3n&nbsp; de formadores en la localidad,&nbsp; as\u00ed como las posibilidades de formaci\u00f3n permanente m\u00e1s accesible para los y las&nbsp; docentes de Catriel.<\/p>\n\n\n\n<p>Unos a\u00f1os despu\u00e9s se pudo volver a formar docentes en nuestra ciudad, en esta oportunidad en un&nbsp; Anexo del Instituto de Formaci\u00f3n Docente Continua de Villa Regina, que funcion\u00f3 desde el a\u00f1o 2006 hasta el 2012. Como en el caso anterior, su oferta acad\u00e9mica tambi\u00e9n&nbsp; fue el Profesorado de Educaci\u00f3n Primaria, si bien ambas experiencias formativas&nbsp; tuvieron poco tiempo de funcionamiento, se constituyeron en antecedentes destacados de la formaci\u00f3n docente en Catriel.<\/p>\n\n\n\n<figure class=\"wp-block-gallery has-nested-images columns-default is-cropped wp-block-gallery-1 is-layout-flex\">\n<figure class=\"wp-block-image size-large\"><img decoding=\"async\" loading=\"lazy\" width=\"1480\" height=\"828\" data-id=\"1220\"  src=\"https:\/\/ifdccatriel-rng.infd.edu.ar\/sitio\/wp-content\/uploads\/2025\/11\/c.png\" alt=\"\" class=\"wp-image-1220\" srcset=\"https:\/\/ifdccatriel-rng.infd.edu.ar\/sitio\/wp-content\/uploads\/2025\/11\/c.png 1480w, https:\/\/ifdccatriel-rng.infd.edu.ar\/sitio\/wp-content\/uploads\/2025\/11\/c-1000x559.png 1000w, https:\/\/ifdccatriel-rng.infd.edu.ar\/sitio\/wp-content\/uploads\/2025\/11\/c-768x430.png 768w\" sizes=\"(max-width: 1480px) 100vw, 1480px\" \/><\/figure>\n\n\n\n<figure class=\"wp-block-image size-large\"><img decoding=\"async\" loading=\"lazy\" width=\"1498\" height=\"914\" data-id=\"1219\"  src=\"https:\/\/ifdccatriel-rng.infd.edu.ar\/sitio\/wp-content\/uploads\/2025\/11\/b.png\" alt=\"\" class=\"wp-image-1219\" srcset=\"https:\/\/ifdccatriel-rng.infd.edu.ar\/sitio\/wp-content\/uploads\/2025\/11\/b.png 1498w, https:\/\/ifdccatriel-rng.infd.edu.ar\/sitio\/wp-content\/uploads\/2025\/11\/b-1000x610.png 1000w, https:\/\/ifdccatriel-rng.infd.edu.ar\/sitio\/wp-content\/uploads\/2025\/11\/b-768x469.png 768w\" sizes=\"(max-width: 1498px) 100vw, 1498px\" \/><\/figure>\n\n\n\n<figure class=\"wp-block-image size-large\"><img decoding=\"async\" loading=\"lazy\" width=\"1528\" height=\"958\" data-id=\"1218\"  src=\"https:\/\/ifdccatriel-rng.infd.edu.ar\/sitio\/wp-content\/uploads\/2025\/11\/a.png\" alt=\"\" class=\"wp-image-1218\" srcset=\"https:\/\/ifdccatriel-rng.infd.edu.ar\/sitio\/wp-content\/uploads\/2025\/11\/a.png 1528w, https:\/\/ifdccatriel-rng.infd.edu.ar\/sitio\/wp-content\/uploads\/2025\/11\/a-1000x627.png 1000w, https:\/\/ifdccatriel-rng.infd.edu.ar\/sitio\/wp-content\/uploads\/2025\/11\/a-768x482.png 768w\" sizes=\"(max-width: 1528px) 100vw, 1528px\" \/><\/figure>\n<\/figure>\n\n\n\n<p>Luego de a\u00f1os de lucha y persistentes reclamos de estudiantes que buscaban culminar sus estudios docentes en la localidad, se cre\u00f3 el actual IFDC Catriel con el firme prop\u00f3sito de brindar m\u00e1s oportunidades de formaci\u00f3n a los y las j\u00f3venes de la zona. Inici\u00f3 sus actividades el 14 de septiembre del 2015 con el dictado del Profesorado de Educaci\u00f3n Inicial con m\u00e1s de 200 ingresantes. En el a\u00f1o 2019 se sum\u00f3 una&nbsp; carrera a t\u00e9rmino, el Profesorado en Educaci\u00f3n Secundaria de la Modalidad T\u00e9cnico Profesional en Concurrencia con T\u00edtulo de Base, destinado a docentes en ejercicios de educaci\u00f3n t\u00e9cnico profesional. Desde su creaci\u00f3n han egresado 64 Profesoras de Educaci\u00f3n Inicial y 10 Profesores\/as de Educaci\u00f3n T\u00e9cnica Profesional.<\/p>\n\n\n\n<div style=\"position: relative; width: 100%; height: 0; padding-top: 56.2500%;\n padding-bottom: 0; box-shadow: 0 2px 8px 0 rgba(63,69,81,0.16); margin-top: 1.6em; margin-bottom: 0.9em; overflow: hidden;\n border-radius: 8px; will-change: transform;\">\n  <iframe loading=\"lazy\" style=\"position: absolute; width: 100%; height: 100%; top: 0; left: 0; border: none; padding: 0;margin: 0;\"\n    src=\"https:\/\/www.canva.com\/design\/DAGyy1NpHwU\/oKb3x1OaCZihD8faJ6QZDg\/view?embed\" allowfullscreen=\"allowfullscreen\" allow=\"fullscreen\">\n  <\/iframe>\n<\/div>\n<a href=\"https:&#x2F;&#x2F;www.canva.com&#x2F;design&#x2F;DAGyy1NpHwU&#x2F;oKb3x1OaCZihD8faJ6QZDg&#x2F;view?utm_content=DAGyy1NpHwU&amp;utm_campaign=designshare&amp;utm_medium=embeds&amp;utm_source=link\" target=\"_blank\" rel=\"noopener\"><\/a>\n\n\n\n<p>La importancia de contar nuevamente con un Instituto trasciende la necesaria tarea de&nbsp; formar&nbsp; docentes, el IFDC Catriel, como integrante de las instituciones formadoras de R\u00edo Negro, desarrolla adem\u00e1s una amplia gama de funciones:&nbsp; se realizan acompa\u00f1amientos pedag\u00f3gicos a los Jardines y Escuelas de la ciudad, junto con otras acciones de Formaci\u00f3n Permanente que aportan al desarrollo profesional docente; trabajos de investigaci\u00f3n educativa y extensi\u00f3n comunitaria que se constituyen en \u00e1reas de producci\u00f3n de nuevos saberes que retroalimentan al sistema educativo. Queremos destacar as\u00ed algunas de las acciones que se desarrollan en el IFDC Catriel: proyectos de extensi\u00f3n que buscan democratizar el conocimiento; Ateneos Pedag\u00f3gicos y Jornadas de Socializaci\u00f3n de Experiencias Pedag\u00f3gicas que generan la circulaci\u00f3n del saber educativo construido en las instituciones de la zona; proyectos formativos que buscan enriquecer y fortalecer las trayectorias acad\u00e9micas de nuestras estudiantes;&nbsp; proyectos de investigaci\u00f3n educativa que vuelven a la formaci\u00f3n inicial y aportan a la mejora. Por ello, es necesaria y relevante la participaci\u00f3n de este IFDC en el entramado educativo de la localidad.<\/p>\n\n\n\n<p>En este sentido, Rivas, A (2020) plantea el rol de los institutos como protagonistas de la mejora educativa en R\u00edo Negro: \u201c En una provincia que consagra la autonom\u00eda pedag\u00f3gica a su cuerpo docente, el trabajo de fortalecimiento de la ense\u00f1anza podr\u00eda tener una mayor incidencia desde el apoyo horizontal de los referentes pedag\u00f3gicos de las distintas localidades en las que funcionan los institutos formadores que desde las acciones de prescripci\u00f3n curricular provenientes del nivel central\u201d *<\/p>\n\n\n\n<p>Por todo lo anterior es que valoramos el recorrido de la formaci\u00f3n docente en Catriel y la importancia de contar con&nbsp; un Instituto de Formaci\u00f3n Docente Continua que no solo brinda la posibilidad de estudiar en la localidad, permitiendo seguir formando docentes catrielenses, sino&nbsp; especialmente porque&nbsp; se constituye en un nodo de apoyo pedag\u00f3gico y referente did\u00e1ctico para el sistema educativo local.&nbsp;<\/p>\n\n\n\n<p>&nbsp;*Rivas, A. et al. (2020): Las llaves de la educaci\u00f3n. Estudio comparado sobre la mejora de los sistemas educativos subnacionales en Am\u00e9rica Latina, Fundaci\u00f3n Santillana, Madrid (p\u00e1g. 193)<\/p>\n","protected":false},"excerpt":{"rendered":"<p>El Instituto de Formaci\u00f3n Docente Continua Catriel, es una instituci\u00f3n joven que este a\u00f1o cumple sus primeros diez a\u00f1os de existencia.&nbsp; Pero no es la primera instituci\u00f3n formadora de nuestra ciudad, hubo dos experiencias anteriores que revelan tanto la discontinuidad de las instituciones formadoras en Catriel, as\u00ed como la fuerza de lo que resiste&nbsp; los &#8230; <a title=\"La formaci\u00f3n docente en Catriel: intermitencias y persistencias.\" class=\"read-more\" href=\"https:\/\/ifdccatriel-rng.infd.edu.ar\/sitio\/quienes-somos-2\/\" aria-label=\"More on La formaci\u00f3n docente en Catriel: intermitencias y persistencias.\">[+]<\/a><\/p>\n","protected":false},"author":12,"featured_media":0,"parent":0,"menu_order":0,"comment_status":"closed","ping_status":"closed","template":"","meta":[],"acf":[],"_links":{"self":[{"href":"https:\/\/ifdccatriel-rng.infd.edu.ar\/sitio\/wp-json\/wp\/v2\/pages\/1080"}],"collection":[{"href":"https:\/\/ifdccatriel-rng.infd.edu.ar\/sitio\/wp-json\/wp\/v2\/pages"}],"about":[{"href":"https:\/\/ifdccatriel-rng.infd.edu.ar\/sitio\/wp-json\/wp\/v2\/types\/page"}],"author":[{"embeddable":true,"href":"https:\/\/ifdccatriel-rng.infd.edu.ar\/sitio\/wp-json\/wp\/v2\/users\/12"}],"replies":[{"embeddable":true,"href":"https:\/\/ifdccatriel-rng.infd.edu.ar\/sitio\/wp-json\/wp\/v2\/comments?post=1080"}],"version-history":[{"count":17,"href":"https:\/\/ifdccatriel-rng.infd.edu.ar\/sitio\/wp-json\/wp\/v2\/pages\/1080\/revisions"}],"predecessor-version":[{"id":1222,"href":"https:\/\/ifdccatriel-rng.infd.edu.ar\/sitio\/wp-json\/wp\/v2\/pages\/1080\/revisions\/1222"}],"wp:attachment":[{"href":"https:\/\/ifdccatriel-rng.infd.edu.ar\/sitio\/wp-json\/wp\/v2\/media?parent=1080"}],"curies":[{"name":"wp","href":"https:\/\/api.w.org\/{rel}","templated":true}]}}